t q be g(u). Suppose -5*y = -4*c + 421, q*y = 4*c + 2*y - 411. Calculate the highest common factor of 9 and c.
9
Let h be 233 + 2*(-3)/(-6). Let m be (-15)/(-10) - h/(-4). What is the highest common divisor of m and 24?
12
Let w = -17 + 22. Suppose -8 = -2*u + w*a + 52, 2*a = -5*u + 179. What is the highest common divisor of 5 and u?
5
Let c(o) = o**2 - 4*o - 2. Let i be c(4). Let n be (1 + -3)*(i + 0). Suppose -n*x + 88 = -0*x. Calculate the highest common divisor of 55 and x.
11
Suppose -l = 7*l - 48. Suppose r = -r + 30. Let a = r + -3. Calculate the greatest common divisor of l and a.
6
Let y = 11 - -13. Suppose 42 = 4*t - 3*w, -t + 43 = 4*t + w. Let h = y - t. Calculate the highest common divisor of 10 and h.
5
Suppose v = 3*i + 21, -2*v - 3*v = 5*i - 25. What is the highest common divisor of 9 and v?
9
Suppose 3*r - 12 = 2*r. What is the greatest common divisor of r and 84?
12
Let s(l) = l**2 + l + 2. Let f be s(-3). Let h = -15 + 19. Suppose -h*a = -22 - 58. Calculate the highest common factor of a and f.
4
Let t be 448/21 + 4/6. Calculate the highest common factor of 44 and t.
22
Let c = -13 - -16. Suppose -c*i = 3*x - 21, i - 2*x = 6*i - 32. Calculate the greatest common divisor of i and 54.
6
Let y = 10 - 6. Suppose -y*q + 9*q - 180 = 0. Suppose -4*g = 5 - 77. What is the greatest common factor of g and q?
18
Let d(y) = -2*y - 18. Let f be d(-9). Suppose f*a = -4*a + 8. What is the greatest common divisor of a and 8?
2
Let y(g) = g**3 - 2*g**2 - 5*g + 2. Let w be y(3). Let u = w - -15. What is the highest common factor of u and 44?
11
Suppose 7 = j - 3. Suppose 0 = u - 3. Suppose u*r = -2*r + j. What is the greatest common factor of r and 18?
2
Let r(m) be the second derivative of 3*m**5/20 - m**4/6 + 2*m**3/3 - m**2 - 2*m. Let z be r(2). Calculate the greatest common divisor of z and 2.
2
Let r = -68 - -85. Calculate the highest common factor of r and 153.
17
Let y(o) = -o**3 - 19*o**2 - 5*o - 31. Let t be y(-19). What is the greatest common divisor of 4 and t?
4
Let q(u) = u**2 - 6*u - 6. Let w be q(7). Let c = 3 + w. Let f be (-2)/4 - (-42)/c. Calculate the greatest common factor of f and 50.
10
Let l = -70 + 50. Let m be 16 - (l/(-4) - 1). What is the highest common divisor of 30 and m?
6
Suppose -10 = -4*v + 2. Suppose 2*t + 2*t - 121 = 3*j, t - 37 = v*j. What is the greatest common divisor of t and 42?
14
Let h = 65 - 27. What is the greatest common divisor of 95 and h?
19
Suppose -3*l + 6 = -0*l. Suppose 87 = 3*y - 3*c, -3*y + 6*c = c - 81. Let b = 54 - y. What is the highest common divisor of l and b?
2
Let r(f) = -f**2 - f + 53. Let k be r(0). Let j = k + -38. What is the highest common divisor of j and 105?
15
Let v be (-24)/((-2 + 4)*-1). What is the greatest common factor of v and 60?
12
Let x be 312/9 - 2/3. Calculate the highest common factor of x and 34.
34
Suppose l = 6*l - 20. What is the greatest common divisor of l and 44?
4
Let y(u) = 41*u + 3. Let r be y(3). Calculate the greatest common divisor of r and 18.
18
Let x be 1/(30/27 + -1). Calculate the greatest common divisor of x and 36.
9
Suppose 5*f + 4*h = h + 61, 4*h = -12. Let s be 4/f + 108/14. Calculate the highest common divisor of s and 8.
8
Let d(c) = 21*c**3 - c**2. Let n be d(1). Let g = 1 - 6. Let l be (g/2)/(7/(-168)). What is the highest common divisor of l and n?
20
Suppose -o - 26 = -46. What is the greatest common factor of o and 5?
5
Let o(q) = 13*q**3 - q. Let n be o(-1). Let j = 89 - 41. Let a = n + j. Calculate the highest common divisor of 4 and a.
4
Suppose 40 = h + 38. Calculate the highest common factor of h and 4.
2
Suppose 5*r = -3*c + 62, -4*c - 2*r = -c - 50. Let f be -2 + 4 + (-378)/(-3). Suppose 3*a = 334 + f. Calculate the greatest common factor of a and c.
14
Suppose -3*i + 228 = 3*d, 2*d - 180 = -5*i + 212. Let o = -3 + 13. Calculate the greatest common factor of o and i.
10
Let q = 22 - 19. Calculate the greatest common divisor of q and 21.
3
Let k be ((-6)/1)/(4/(-6)). Suppose -3*m = -4*m + 9. Calculate the highest common factor of m and k.
9
Let c = 4 - 5. Let n be (-66)/(-5) - c/(-5). Let z be -1*(2 - 4)*n. What is the highest common factor of z and 39?
13
Let g be 12*(3/(-2))/(1 + -3). What is the greatest common divisor of 45 and g?
9
Let t be (-2 - 1) + (46 - (-2 - 0)). What is the highest common divisor of 60 and t?
15
Suppose 2*v + 5 = 7*v, -2*l - 4*v + 32 = 0. Let o = 11 + 3. Calculate the highest common factor of o and l.
14
Suppose 4*q = 44 + 56. Suppose -5*y + 20 = 0, 2*y + 4 = -g + 22. Calculate the greatest common factor of g and q.
5
Let j(c) = -4 - 2*c - 5*c + 4*c + 0*c. Let z be j(-5). Calculate the greatest common divisor of 121 and z.
11
Suppose -3*d + 6*l = l - 19, d + 2*l = 10. What is the highest common divisor of 4 and d?
4
Suppose 5*i = -w + 851 - 80, 2*i - 309 = -w. Calculate the highest common divisor of 22 and i.
22
Suppose 0*i = 4*i - 24. Let r be (106 + (-12)/(-4))*1. Suppose 37 = -4*t + r. What is the greatest common divisor of i and t?
6
Let u = -119 - -53. Let j be 1/2 - u/4. Let v be (-2)/(-4)*2*j. What is the highest common factor of 85 and v?
17
Let s(f) be the second derivative of f**4/2 - f**3/6 - f**2/2 - 2*f. Let x be s(4). What is the highest common factor of x and 13?
13
Let f(u) = -u - 9. Let z be f(-8). Let h = z + 10. What is the greatest common factor of 9 and h?
9
Suppose -3*u - b + 30 = -4*b, 3*b = 2*u - 22. Let t = -53 + 93. Calculate the greatest common factor of t and u.
8
Let x(j) = 2*j**2 + 6*j - 7. Let n be x(-5). Let k be 0 + -1 + (-32)/(-4). Let t = n - k. Calculate the highest common factor of 3 and t.
3
Let n be 11*(-3)/(-2)*6/9. Calculate the highest common factor of n and 11.
11
Suppose 0 = 4*q + 4*j - 40, q - 4 = -0*q + 5*j. Calculate the greatest common factor of 9 and q.
9
Let h be 1/3*-3*1. Let l(o) = -o**2 + 1. Let y be l(-2). Let i be 0 + -1 - y - h. What is the highest common factor of i and 2?
1
Suppose u - 4*i - 130 = -0*u, u = -i + 125. Suppose d + u = -d. Let b be (-4)/6*d/6. Calculate the highest common divisor of b and 63.
7
Let n = 7 + -4. Suppose -r + n*r = -2*g + 74, -4*g = -2*r + 92. Suppose 6*s - 110 = -16*s. What is the highest common divisor of r and s?
5
Suppose 3*o - 1 = 11. Suppose a + 3*f = o*a - 6, 0 = f - 1. What is the highest common divisor of a and 9?
3
Let w(h) = -1 - 2*h**2 + 2*h**3 + 3*h + 1 - h. Let s be w(3). What is the highest common factor of 14 and s?
14
Let o = -1 - -4. Suppose o*g + 2*q = 5*g - 46, 5 = -q. Calculate the greatest common divisor of 9 and g.
9
Let n = 62 + -46. What is the highest common divisor of 24 and n?
8
Let s(u) = u + 12. Let i be s(0). Suppose 25*m - 516 = -18*m. What is the highest common factor of m and i?
12
Let i be 6 + -2 - (-2)/2. Let w be -3 - (6 + -4 - 7). Suppose -2*x + 3*t + 2*t = -45, -123 = -5*x + w*t. Calculate the greatest common divisor of i and x.
5
Let y(a) = -a**3 - 4. Let w be y(-2). Suppose t - 2 - 42 = 0. What is the greatest common divisor of t and w?
4
Suppose 4*t = 2*m - 25 - 17, -5*t = 15. Suppose -4*z - 1075 = -9*z. Let g = -110 + z. What is the highest common factor of g and m?
15
Suppose 2*z + 7 = 37. Calculate the highest common factor of 60 and z.
15
Let h(m) = -m**3 - 5*m**2 - 4*m + 2. Let j be h(-4). Let q be (40/50)/(2/15). Calculate the greatest common divisor of j and q.
2
Let f(y) = y**2 + 6*y + 6. Let d be f(-7). Suppose h - 8 = d. Let u be (-5)/20*14*(-4)/1. What is the highest common divisor of u and h?
7
Let h(t) = t**3 - 10*t**2 + 7*t + 22. Let b be h(9). Calculate the highest common factor of b and 64.
4
Let c(p) = p**2 - 6*p - 8. Let k be c(8). Let h = k + -3. Let u(s) = -3*s + 2. Let x be u(-6). Calculate the highest common factor of h and x.
5
Suppose -15 = -3*o + 6. Suppose -5*w + o = -8. What is the greatest common factor of 1 and w?
1
Suppose -2*l - 6*u - 6 = -2*u, -u - 1 = 0. Let i be l + 4 + -2 + 2. Suppose 5*g - 218 = 4*x + 66, -i*x + 12 = 0. What is the highest common divisor of g and 12?
12
Suppose -2 = a, 4*r - r + 5*a = -7. Let b be (r/3)/((-8)/(-144)). Calculate the greatest common divisor of 42 and b.
6
Let w(t) = t**2 + t + 1. Let p be w(7). What is the highest common factor of 19 and p?
19
Suppose 0 = -l + 5 - 8. Let q(s) = -s**3 - 3*s**2 + 3. Let 